*r + z. What is i(r)?
12
Let k = 6 + -4. Let x(z) = 3 - 2*z - z**3 + 0 - 5 + 3*z**k + 3. Calculate x(1).
1
Let w(t) = t**2 + 3*t - 3. Let l be 52/(-10) - 11/(-55). Give w(l).
7
Let w(r) = 2*r**2 - r**3 + 5*r**2 + 4 + 6*r - 16*r**2 + 5*r**2. Give w(-5).
-1
Let w(f) = 1 + 2 + 3*f**2 - 4*f**2. Suppose 2*l + 3*q - 6 + 0 = 0, 3*l + 29 = 5*q. Determine w(l).
-6
Let m(b) be the third derivative of b**4/24 + 2*b**3 - b**2. Calculate m(-10).
2
Let r(h) = -3*h - 3*h + 7*h - 1. Suppose 10 = 3*a + 1. Suppose -a*v - 4 - 5 = 0. Give r(v).
-4
Suppose -5*i - 2*n = 21, -4 = -4*n + 2*n. Let a(w) = 4 + 2*w + 5*w - 5*w. Calculate a(i).
-6
Let m(c) be the first derivative of c**4/4 - 2*c**3/3 - c**2 + 1. Let k be -4*9/(-12)*2. Suppose -3*i + z + k = 0, 3*i + 6 = 2*z + 3*z. What is m(i)?
3
Let o(l) be the second derivative of l**4/6 + l**3/3 + l**2 - 3*l. Suppose 0 = -i + 3*h - 17, -2*i - 4*h - 6 = -22. Calculate o(i).
6
Let h(g) = g**3 + 4*g - 4*g**2 - 2 + 0 + 0*g**3. Let z be 4/2*(-9)/(-6). Determine h(z).
1
Let a(m) = -3*m**2 + m. Let i(j) = -17*j**2 + 6*j. Let w(n) = 6*a(n) - i(n). Suppose -5*y + 4 = -3*y. Give w(y).
-4
Let o(l) = l**3 + l - l**3 + 5*l**3. Let r be ((-45)/10 - -4)*2. Determine o(r).
-6
Suppose 5*p = p. Suppose p*y = -y - 4. Let i(v) = 2*v + 1. Let l(m) = -m - 1. Let a(b) = i(b) + 5*l(b). Calculate a(y).
8
Let p be ((-6)/9)/((-3)/(-27)). Let k(q) = -3*q - 4. Determine k(p).
14
Let x = 4 + -12. Let c(q) = 2*q + 11. Give c(x).
-5
Let g(m) = m**3 - 9*m**2 + 3*m - 23. Let f be g(9). Let n(b) be the second derivative of -f*b - 1/6*b**3 + 0 + 11/2*b**2 - 1/12*b**4. Calculate n(0).
11
Let i(o) = -4*o - 4. Let v = -43 - -35. Determine i(v).
28
Suppose -4*a = -5*i - 5, 4*a + 35 = -i - 2*i. Let s(x) = x**3 + 5*x**2 + 2*x - 7. Determine s(a).
-17
Let a be 30/(-12)*(-1 - 1). Let m = a - 4. Let g(r) = r**3 - r**2 - 7*r**3 + m - r - 2*r**3. What is g(1)?
-9
Let t(r) = 13*r**3 - 2*r - 1. Let o(a) = -a - 6. Let i be o(-5). Give t(i).
-12
Let y be (-4)/2 - 3/8*-6. Let i(n) be the first derivative of -n - 3*n**2 + 2 - y*n**4 + 2*n**3. Calculate i(5).
-6
Let k(z) = z**2 - 4*z + 3. Let t be k(4). Let q be 15/t*(2 - 1). Let n(f) = 2*f + 3. Let c(h) = h + 1. Let s(a) = -3*c(a) + n(a). Determine s(q).
-5
Let p = 71 + -71. Let f(s) = s - 1. Let w(b) = b - 1. Let v(c) = -6*f(c) + 7*w(c). Give v(p).
-1
Let u(o) = -o + 1. Let l(s) = 4. Let g(k) = l(k) - 4*u(k). Let y(n) = -5 + 2*n - 1 + 3 - n. Let i be y(4). Give g(i).
4
Let n(c) = -c**2 + c - 1. Let q(r) = -r**2. Let o(s) = -6*n(s) + 5*q(s). Let f(g) = 2*g**2 - 13*g + 12. Let h(i) = 3*f(i) - 5*o(i). What is h(5)?
-14
Let a(r) = -r**2 + 6*r + 6. Let m be a(6). Let o = m + -3. Suppose 15 = -o*b + 3*w, 0*b - 2*w = 4*b + 20. Let c(v) = v + 2. What is c(b)?
-3
Let d(o) be the first derivative of -o**3/3 - 5*o**2/2 - 2*o - 6. Give d(-5).
-2
Let w(h) = -h**2 - h - 1. Let y(q) = 2*q**2 - 3*q + 2. Let c(r) = w(r) + y(r). Suppose o - 4*o = -2*f - 21, -3*f = -5*o + 34. Give c(o).
6
Let w(c) = 5*c**2 - c. Suppose y - 3 + 8 = 3*i, -2*i + 1 = -3*y. Calculate w(i).
18
Let m(h) = h**3 - 7 + h**2 + 2 - 2*h**3. Let o be 4/(-8) - (-45)/6. Suppose -o*r = -11*r. Determine m(r).
-5
Suppose -4*h - 8 = 0, 3*f + 5*h - 7 = h. Let o(p) = -p**2 + 5*p - 1. Calculate o(f).
-1
Let u(p) = -3*p - 2. Let w(j) = 13*j + 9. Let i(d) = 9*u(d) + 2*w(d). Suppose -3*z = -0*z + 9. Calculate i(z).
3
Let g(n) be the second derivative of -n**5/20 + n**4/2 - n**3 - n**2 + 3*n. Let v be g(5). Let i(q) = q + 3. Determine i(v).
-4
Let o(r) be the third derivative of -r**6/720 + r**4/8 - 2*r**2. Let w(p) be the second derivative of o(p). What is w(-5)?
5
Let y = -16 - -11. Let m = y - -1. Let c(k) = -k + 0*k**2 - k**2 + 0 + 1. Calculate c(m).
-11
Let f(d) = -8*d + 1. Suppose 2*q - 2*g = 1 + 3, -2*q - 5*g = 3. Let p(n) = n**3 + n**2 - n. Let t be p(q). Give f(t).
-7
Let d = 9 - 6. Let a = d + 3. Let n(o) = -o**2 + 4*o + 7. Determine n(a).
-5
Let y(f) = -f + 1. Let k(x) = -8*x. Let v(t) = k(t) - 5*y(t). Let w(b) = -b. Let i be w(3). Let q = -1 + i. Give v(q).
7
Let h(i) = -3*i - 2*i - 9*i**2 + 3 - 1. Let m(o) = -4*o**2 - 3*o + 1. Let k(f) = -3*h(f) + 5*m(f). Suppose -2*x + 6*a = 2*a + 14, 3*a = 9. Determine k(x).
6
Suppose 5*u - 4*q - 31 = 0, -3*q + 5*q - 16 = -2*u. Let g(f) = -f + 5. Let t(j) = -j + 7. Let i = 3 - 8. Let y(x) = i*t(x) + u*g(x). Give y(2).
-4
Let n(s) be the third derivative of s**6/120 + s**5/10 - s**4/4 + 3*s**3/2 + 61*s**2. Give n(-7).
2
Let x(h) = -12 - 2*h + 4 + 5. Calculate x(4).
-11
Let d(f) = -9*f**3 + 2*f**2 + 2*f + 7. Let a(q) = 1. Let t(n) = 6*a(n) - d(n). Determine t(-1).
-10
Let x(r) be the second derivative of r**3/3 + 2*r**2 + 6*r. Determine x(-6).
-8
Let j(f) = -3*f**3 - f**2 + 1. Let v be (-1 - -2)*(0 - 1). What is j(v)?
3
Let c(a) = a**3 + 6*a**2 + 2*a + 9. Let v = 9 + -15. Let s be c(v). Let m be 19/(-5) + s/15. Let h(k) = k**3 + 4*k**2 - 2*k - 3. Give h(m).
5
Let l = 0 - -13. Suppose 4*m - 5*y + 16 = 0, 33 = 5*y + l. Let a(z) = -2*z - 3. Let d(x) = -4*x - 5. Let w(b) = 5*a(b) - 3*d(b). Calculate w(m).
2
Suppose -3*t + 2*h + 2 = 0, 0*t - t + 6 = 2*h. Let u(j) = 4*j - 2 + 2*j - t*j. Give u(3).
10
Suppose z - 2 = -k - 7, 8 = -z - 4*k. Let g(p) = p + 4. Calculate g(z).
0
Suppose 3*f - 5*f - 12 = 0. Let k = 17 - 24. Let x = k - f. Let r(q) = 9*q**3 + q**2 + q + 1. Determine r(x).
-8
Let m(c) = -c**2 - 7*c + 1. Suppose -2*f - 2 = -2*b, b - 2*b = 3*f + 19. What is m(f)?
11
Let q(t) be the third derivative of -t**6/180 - t**5/60 + t**4/12 - t**3/2 - 4*t**2. Let d(b) be the first derivative of q(b). What is d(-3)?
-10
Let y(q) = q**3 + 7*q**2 + 7*q + 9. Suppose 0 = 3*n - 8 + 26. What is y(n)?
3
Let l(p) = -2*p + 4*p**2 + p**2 - 2 + 2*p**2 - 4*p**2. Determine l(2).
6
Let f(a) = a**3 + 4*a**2 - a - 3. Suppose 5*w - w + 16 = 0. Give f(w).
1
Let q(i) = i**3 - i**2 - 1. Let w(g) = -4*g**3 + 3*g**2 + 6. Let z(d) = -6*q(d) - w(d). What is z(2)?
-4
Suppose -z = -1 - 2. Let o(k) be the first derivative of k + 2*k**2 + 1 - 1/3*k**3. Give o(z).
4
Let g(v) = -4 - 4*v + 3*v + 3 - 14*v. Give g(-1).
14
Let h = 60 + -67. Let k(i) = i**3 + 7*i**2 + 4. What is k(h)?
4
Let m(d) = -d**2 + 5*d + 5. Let w be m(7). Let y be 0*(w/(-6) - 2). Let v(o) = o - 2. Determine v(y).
-2
Let x be (0 - -5)/(0 + 1). Let k(l) = l. Let z(c) = -c**2 + 2*c + 3. Let u(j) = -2*k(j) - z(j). Give u(x).
2
Let b(h) = h**3 - 7*h**2 + 5*h - 2. Suppose -5*l = 25, -3*r - l - 2 = 3*l. Give b(r).
-8
Let a(u) = -5*u + 3. Let o(h) = 3*h - 1. Let t(f) = 4*a(f) + 7*o(f). Determine t(-7).
-2
Let g(q) be the first derivative of 3 + 5*q + 1/2*q**2. Suppose 0 = -s + 3*s. What is g(s)?
5
Let m(o) = -o + 4. Suppose -2*a + 3*t + 14 = 0, 0*a - 2*a + t + 6 = 0. Suppose 0 = 2*l - 3 - a. Suppose 2*p - 4*p + 6 = 5*k, l*k - p - 6 = 0. Determine m(k).
2
Let v(u) = 3*u + 4. Let d(j) = 11*j + 13. Let h(w) = 6*w + 7. Let q(b) = -4*d(b) + 9*h(b). Let a(f) = -2*q(f) + 7*v(f). Determine a(-5).
1
Let r(j) = 3 + j**2 + 12*j - 4*j + 2. Suppose 2*q - 14 = 4*n - 44, -2*n - 10 = 4*q. Calculate r(q).
-10
Let m(f) be the third derivative of f**5/60 + f**4/8 + 5*f**3/6 + 14*f**2. Calculate m(-4).
9
Let q(d) = -18*d - 1 + 1 + 22*d. Let p = 0 - -1. Give q(p).
4
Let h(g) = -7*g - 1. Let a be 5 + -1 - 3 - 1. Suppose -3*f + 4*f - 1 = a. Determine h(f).
-8
Let w = -3 - -6. Let g(s) = -s + 1. Let t(v) = 5*v - 7. Let q(h) = -h - 5. Let n be q(-6). Let z(b) = n*t(b) + 4*g(b). Determine z(w).
0
Suppose -11*n = -7*n. Let k(a) = -a + 7. Calculate k(n).
7
Let n(q) = q**3 - 3*q**2 - 5*q - 5. Let z(j) = -2*j**2 + 5. Let w be z(0). What is n(w)?
20
Let g(d) = -d**2 - 6*d - 6 - 5*d + 4*d. Let c(o) = -o**2 + 2 - 4 + 2 - 5*o - 5. Let x be c(-5). Give g(x).
4
Let s(o) = o**3 - o. Let q = -26 + 28. What is s(q)?
6
Let i(q) = -q**3 - q**2 + q + 1. Let s(r) = -r**3 + 3*r**2 + 3*r + 2. Let f be s(4). Give i(f).
3
Suppose 0 = -2*w - w. Suppose w = -5*h + 5*k, 5*h - k - 20 = -4. Let s(g) = -g**3 + 3*g**2 + 4*g + 1. Calculate s(h).
1
Let w(h) = -4 - 6*h**2 + h - 2*h**2 + 9*h**2. Give w(-3).
2
Let w(x) be the second derivative of x**3/6 + 5*x**2/2 + 18*x. Determine w(-5).
0
Let f(v) = 22*v**2 - 40*v**2 + 17*v**2 + 8 + 4*v. Let j(i) = 6*i**2 + i + 1. Let h be j(-1). Determine f(h).
-4
Let g(q) = 4*q - 5*q - 1 - 2 + 2. Let b be g(0). Let z(i) = -8*i. Gi